{"id":520,"date":"2018-12-13T10:58:26","date_gmt":"2018-12-13T10:58:26","guid":{"rendered":"http:\/\/democontent.codex-themes.com\/sites\/photography-studio\/?page_id=520"},"modified":"2024-02-27T11:17:00","modified_gmt":"2024-02-27T10:17:00","slug":"our-team","status":"publish","type":"page","link":"https:\/\/artcomsolutions.com\/?page_id=520","title":{"rendered":"Vous \u00eates?"},"content":{"rendered":"<div class=\"wpb-content-wrapper\"><p>[vc_row][vc_column offset=&#8221;vc_col-lg-7 vc_col-md-6&#8243;]<div class=\"centered-box gem-image-centered-box\"><div class=\"gem-image gem-wrapbox gem-wrapbox-style-default gem-wrapbox-position-centered lazy-loading\"  style=\"\"><div class=\"gem-wrapbox-inner  lazy-loading-item\"  data-ll-effect=\"move-up\"><img decoding=\"async\" class=\"gem-wrapbox-element img-responsive\" src=\"https:\/\/artcomsolutions.com\/wp-content\/uploads\/2024\/02\/extension-conception-interieur-et-amenagement-chalet-harmony-meribel-73-agence-AMEVET-22.jpg\" alt=\"\"\/><\/div><\/div><\/div>[\/vc_column][vc_column offset=&#8221;vc_col-lg-5 vc_col-md-6&#8243;]<div class=\"clearboth\"><\/div><style>#thegem-divider-69d54125bc163 {margin-top: 26px !important;}<\/style><div id=\"thegem-divider-69d54125bc163\" class=\"gem-divider  \" style=\"\" ><\/div>[vc_column_text css_animation=&#8221;bottom-to-top&#8221;]<\/p>\n<div class=\"title-h1\"><span class=\"light\" style=\"color: #e6e6e6;\">Architecte d&#8217;interieur<\/span><\/div>\n<p>[\/vc_column_text][vc_separator color=&#8221;custom&#8221; align=&#8221;align_left&#8221; border_width=&#8221;2&#8243; el_width=&#8221;40&#8243; css_animation=&#8221;left-to-right&#8221; accent_color=&#8221;#b3ae8d&#8221;][vc_column_text css_animation=&#8221;bottom-to-top&#8221;]<span style=\"color: #b3ae8d;\">En tant qu\u2019architecte d\u2019int\u00e9rieur, vous savez combien chaque d\u00e9tail compte pour cr\u00e9er des espaces uniques et captivants.<\/span>[\/vc_column_text]<div class=\"clearboth\"><\/div><style>#thegem-divider-69d54125bc183 {margin-top: 22px !important;}<\/style><div id=\"thegem-divider-69d54125bc183\" class=\"gem-divider  \" style=\"\" ><\/div>[vc_column_text css_animation=&#8221;bottom-to-top&#8221;]<span style=\"color: #b3b3b3;\">\u00a0C\u2019est pourquoi qu\u2019en tant qu\u2019\u00e9diteur et fabricant sp\u00e9cialis\u00e9 dans les <strong>tableaux sur mesure,<\/strong> nous mettons \u00e0 votre disposition une gamme diversifi\u00e9e de possibilit\u00e9s pour compl\u00e9ter vos projets.<\/span>[\/vc_column_text]<div class=\"clearboth\"><\/div><style>#thegem-divider-69d54125bc197 {margin-top: 40px !important;}<\/style><div id=\"thegem-divider-69d54125bc197\" class=\"gem-divider  \" style=\"\" ><\/div><style type=\"text\/css\">.thegem-button-69d54125bc26a7447.lazy-loading-before-start-animation .lazy-loading-item {opacity: 0;} body.thegem-effects-disabled .thegem-button-69d54125bc26a7447.lazy-loading-before-start-animation .lazy-loading-item {opacity: 1;}<\/style><style type=\"text\/css\">.thegem-button-69d54125bc26a7447 .gem-button svg {fill: #979797;}.thegem-button-69d54125bc26a7447 .gem-button:hover svg {fill: #262626;}<\/style><div class=\"gem-button-container gem-button-position-left thegem-button-69d54125bc26a7447     lazy-loading lazy-loading-before-start-animation\"  ><a title=\"Architecte d\u2019Int\u00e9rieur\" class=\"gem-button gem-button-size-medium gem-button-style-outline gem-button-text-weight-thin gem-button-border-1 lazy-loading-item\" data-ll-effect=\"drop-right-without-wrap\" style=\"border-radius: 0px;border-color: #979797;color: #979797;\" onmouseleave=\"this.style.borderColor='#979797';this.style.backgroundColor='transparent';this.style.color='#979797';\" onmouseenter=\"this.style.borderColor='#979797';this.style.backgroundColor='#979797';this.style.color='#262626';\" href=\"http:\/\/artcomsolutions.com\/?page_id=7110\" target=\"_self\">Plus d&#039;informations<\/a><\/div> [\/vc_column][\/vc_row][vc_row][vc_column]<div class=\"clearboth\"><\/div><style>#thegem-divider-69d54125bc2a6 {margin-top: 50px !important;}<\/style><div id=\"thegem-divider-69d54125bc2a6\" class=\"gem-divider  \" style=\"\" ><\/div>[\/vc_column][\/vc_row][vc_row][vc_column offset=&#8221;vc_col-lg-5 vc_col-md-6&#8243;]<div class=\"clearboth\"><\/div><style>#thegem-divider-69d54125bc2bc {margin-top: 26px !important;}<\/style><div id=\"thegem-divider-69d54125bc2bc\" class=\"gem-divider  \" style=\"\" ><\/div>[vc_column_text css_animation=&#8221;bottom-to-top&#8221;]<\/p>\n<div class=\"title-h1\" style=\"text-align: right;\"><span class=\"light\" style=\"color: #e6e6e6;\">Revendeur<\/span><\/div>\n<p>[\/vc_column_text][vc_separator color=&#8221;custom&#8221; align=&#8221;align_right&#8221; border_width=&#8221;2&#8243; el_width=&#8221;40&#8243; css_animation=&#8221;right-to-left&#8221; accent_color=&#8221;#b3ae8d&#8221;][vc_column_text css_animation=&#8221;bottom-to-top&#8221;]<\/p>\n<p style=\"text-align: right;\"><span style=\"color: #b3ae8d;\">Offrez \u00e0 Vos Clients l\u2019Excellence Artistique avec Notre Collection de Tableaux Sur Mesure : Une Collaboration Id\u00e9ale pour les Revendeurs<\/span><\/p>\n<p>[\/vc_column_text]<div class=\"clearboth\"><\/div><style>#thegem-divider-69d54125bc2cd {margin-top: 22px !important;}<\/style><div id=\"thegem-divider-69d54125bc2cd\" class=\"gem-divider  \" style=\"\" ><\/div>[vc_column_text css_animation=&#8221;bottom-to-top&#8221;]<\/p>\n<p style=\"text-align: right;\"><span style=\"color: #b3b3b3;\">En tant que revendeur, vous \u00eates constamment \u00e0 la recherche de solutions qui vous permettent de r\u00e9pondre aux besoins uniques de votre client\u00e8le tout en maintenant un haut niveau d\u2019excellence. Nous sommes l\u00e0 pour vous offrir une collaboration sans faille, o\u00f9 vous trouverez parmi nos diff\u00e9rentes possibilit\u00e9s des visuels qui correspondent parfaitement \u00e0 votre client\u00e8le.<\/span><\/p>\n<p>[\/vc_column_text]<div class=\"clearboth\"><\/div><style>#thegem-divider-69d54125bc2dc {margin-top: 40px !important;}<\/style><div id=\"thegem-divider-69d54125bc2dc\" class=\"gem-divider  \" style=\"\" ><\/div><style type=\"text\/css\">.thegem-button-69d54125bc3446796.lazy-loading-before-start-animation .lazy-loading-item {opacity: 0;} body.thegem-effects-disabled .thegem-button-69d54125bc3446796.lazy-loading-before-start-animation .lazy-loading-item {opacity: 1;}<\/style><style type=\"text\/css\">.thegem-button-69d54125bc3446796 .gem-button svg {fill: #979797;}.thegem-button-69d54125bc3446796 .gem-button:hover svg {fill: #262626;}<\/style><div class=\"gem-button-container gem-button-position-right thegem-button-69d54125bc3446796     lazy-loading lazy-loading-before-start-animation\"  ><a title=\"Revendeur\" class=\"gem-button gem-button-size-medium gem-button-style-outline gem-button-text-weight-thin gem-button-border-1 lazy-loading-item\" data-ll-effect=\"drop-right-without-wrap\" style=\"border-radius: 0px;border-color: #979797;color: #979797;\" onmouseleave=\"this.style.borderColor='#979797';this.style.backgroundColor='transparent';this.style.color='#979797';\" onmouseenter=\"this.style.borderColor='#979797';this.style.backgroundColor='#979797';this.style.color='#262626';\" href=\"http:\/\/artcomsolutions.com\/?page_id=7149\" target=\"_self\">Plus d&#039;informations<\/a><\/div> [\/vc_column][vc_column offset=&#8221;vc_col-lg-7 vc_col-md-6&#8243;]<div class=\"centered-box gem-image-centered-box\"><div class=\"gem-image gem-wrapbox gem-wrapbox-style-default gem-wrapbox-position-centered lazy-loading\"  style=\"\"><div class=\"gem-wrapbox-inner  lazy-loading-item\"  data-ll-effect=\"move-up\"><img decoding=\"async\" class=\"gem-wrapbox-element img-responsive\" src=\"https:\/\/artcomsolutions.com\/wp-content\/uploads\/2024\/02\/IMG-20240203-WA0000.jpg\" alt=\"\"\/><\/div><\/div><\/div>[\/vc_column][\/vc_row][vc_row][vc_column]<div class=\"clearboth\"><\/div><style>#thegem-divider-69d54125bc7bf {margin-top: 50px !important;}<\/style><div id=\"thegem-divider-69d54125bc7bf\" class=\"gem-divider  \" style=\"\" ><\/div>[\/vc_column][\/vc_row][vc_row][vc_column offset=&#8221;vc_col-lg-7 vc_col-md-6&#8243;]<div class=\"centered-box gem-image-centered-box\"><div class=\"gem-image gem-wrapbox gem-wrapbox-style-default gem-wrapbox-position-centered lazy-loading\"  style=\"\"><div class=\"gem-wrapbox-inner  lazy-loading-item\"  data-ll-effect=\"move-up\"><img decoding=\"async\" class=\"gem-wrapbox-element img-responsive\" src=\"https:\/\/artcomsolutions.com\/wp-content\/uploads\/2022\/12\/hotel-montagne-tableau-deco-copie.jpg\" alt=\"\"\/><\/div><\/div><\/div>[\/vc_column][vc_column offset=&#8221;vc_col-lg-5 vc_col-md-6&#8243;]<div class=\"clearboth\"><\/div><style>#thegem-divider-69d54125bcb4f {margin-top: 26px !important;}<\/style><div id=\"thegem-divider-69d54125bcb4f\" class=\"gem-divider  \" style=\"\" ><\/div>[vc_column_text css_animation=&#8221;bottom-to-top&#8221;]<\/p>\n<div class=\"title-h1\"><span class=\"light\" style=\"color: #e6e6e6;\">Promoteur, hotelier &#8230;<br \/>\n<\/span><\/div>\n<p>[\/vc_column_text][vc_separator color=&#8221;custom&#8221; align=&#8221;align_left&#8221; border_width=&#8221;2&#8243; el_width=&#8221;40&#8243; css_animation=&#8221;left-to-right&#8221; accent_color=&#8221;#b3ae8d&#8221;][vc_column_text css_animation=&#8221;bottom-to-top&#8221;]<span style=\"color: #b3ae8d;\">Notre concept est con\u00e7u pour accompagner votre \u00e9tablissement dans la cr\u00e9ation d&#8217;une exp\u00e9rience visuelle unique\u00a0<\/span>[\/vc_column_text]<div class=\"clearboth\"><\/div><style>#thegem-divider-69d54125bcb96 {margin-top: 22px !important;}<\/style><div id=\"thegem-divider-69d54125bcb96\" class=\"gem-divider  \" style=\"\" ><\/div>[vc_column_text css_animation=&#8221;bottom-to-top&#8221;]<span style=\"color: #b3b3b3;\">Nous comprenons l&#8217;importance de chaque d\u00e9tail dans la narration de l&#8217;histoire de votre h\u00f4tel, que ce soit dans les espaces communs ou les chambres privatives.<\/span>[\/vc_column_text]<div class=\"clearboth\"><\/div><style>#thegem-divider-69d54125bcbcd {margin-top: 40px !important;}<\/style><div id=\"thegem-divider-69d54125bcbcd\" class=\"gem-divider  \" style=\"\" ><\/div><style type=\"text\/css\">.thegem-button-69d54125bcd61665.lazy-loading-before-start-animation .lazy-loading-item {opacity: 0;} body.thegem-effects-disabled .thegem-button-69d54125bcd61665.lazy-loading-before-start-animation .lazy-loading-item {opacity: 1;}<\/style><style type=\"text\/css\">.thegem-button-69d54125bcd61665 .gem-button svg {fill: #979797;}.thegem-button-69d54125bcd61665 .gem-button:hover svg {fill: #262626;}<\/style><div class=\"gem-button-container gem-button-position-left thegem-button-69d54125bcd61665     lazy-loading lazy-loading-before-start-animation\"  ><a title=\"Promoteur immobilier, Hotelier, Restaurateur, Entreprise de loisirs \u2026\" class=\"gem-button gem-button-size-medium gem-button-style-outline gem-button-text-weight-thin gem-button-border-1 lazy-loading-item\" data-ll-effect=\"drop-right-without-wrap\" style=\"border-radius: 0px;border-color: #979797;color: #979797;\" onmouseleave=\"this.style.borderColor='#979797';this.style.backgroundColor='transparent';this.style.color='#979797';\" onmouseenter=\"this.style.borderColor='#979797';this.style.backgroundColor='#979797';this.style.color='#262626';\" href=\"http:\/\/artcomsolutions.com\/?page_id=7174\" target=\"_self\">Plus d&#039;informations<\/a><\/div> [\/vc_column][\/vc_row][vc_row][vc_column]<div class=\"clearboth\"><\/div><style>#thegem-divider-69d54125bcdf2 {margin-top: 50px !important;}<\/style><div id=\"thegem-divider-69d54125bcdf2\" class=\"gem-divider  \" style=\"\" ><\/div>[\/vc_column][\/vc_row][vc_row][vc_column offset=&#8221;vc_col-lg-5 vc_col-md-6&#8243;]<div class=\"clearboth\"><\/div><style>#thegem-divider-69d54125bce30 {margin-top: 26px !important;}<\/style><div id=\"thegem-divider-69d54125bce30\" class=\"gem-divider  \" style=\"\" ><\/div>[vc_column_text css_animation=&#8221;bottom-to-top&#8221;]<\/p>\n<div class=\"title-h1\" style=\"text-align: right;\"><span class=\"light\" style=\"color: #e6e6e6;\">Artiste<\/span><\/div>\n<p>[\/vc_column_text][vc_separator color=&#8221;custom&#8221; align=&#8221;align_right&#8221; border_width=&#8221;2&#8243; el_width=&#8221;40&#8243; css_animation=&#8221;right-to-left&#8221; accent_color=&#8221;#b3ae8d&#8221;][vc_column_text css_animation=&#8221;bottom-to-top&#8221;]<\/p>\n<p style=\"text-align: right;\"><span style=\"color: #b3ae8d;\">Notre atelier est l\u00e0 pour vous offrir une solution compl\u00e8te et sans tracas pour la production et la distribution de vos \u0153uvres<\/span><\/p>\n<p>[\/vc_column_text]<div class=\"clearboth\"><\/div><style>#thegem-divider-69d54125bce62 {margin-top: 22px !important;}<\/style><div id=\"thegem-divider-69d54125bce62\" class=\"gem-divider  \" style=\"\" ><\/div>[vc_column_text css_animation=&#8221;bottom-to-top&#8221;]<\/p>\n<p style=\"text-align: right;\"><span style=\"color: #b3b3b3;\">Nous comprenons les d\u00e9fis auxquels vous \u00eates confront\u00e9 en tant qu&#8217;artiste, que vous soyez peintre, photographe &#8230;. C&#8217;est pourquoi nous avons d\u00e9velopp\u00e9 un processus simplifi\u00e9 qui vous permet de vous concentrer pleinement sur votre art.<\/span><\/p>\n<p>[\/vc_column_text]<div class=\"clearboth\"><\/div><style>#thegem-divider-69d54125bce8e {margin-top: 40px !important;}<\/style><div id=\"thegem-divider-69d54125bce8e\" class=\"gem-divider  \" style=\"\" ><\/div><style type=\"text\/css\">.thegem-button-69d54125bcfc13846.lazy-loading-before-start-animation .lazy-loading-item {opacity: 0;} body.thegem-effects-disabled .thegem-button-69d54125bcfc13846.lazy-loading-before-start-animation .lazy-loading-item {opacity: 1;}<\/style><style type=\"text\/css\">.thegem-button-69d54125bcfc13846 .gem-button svg {fill: #979797;}.thegem-button-69d54125bcfc13846 .gem-button:hover svg {fill: #262626;}<\/style><div class=\"gem-button-container gem-button-position-right thegem-button-69d54125bcfc13846     lazy-loading lazy-loading-before-start-animation\"  ><a title=\"Artiste\" class=\"gem-button gem-button-size-medium gem-button-style-outline gem-button-text-weight-thin gem-button-border-1 lazy-loading-item\" data-ll-effect=\"drop-right-without-wrap\" style=\"border-radius: 0px;border-color: #979797;color: #979797;\" onmouseleave=\"this.style.borderColor='#979797';this.style.backgroundColor='transparent';this.style.color='#979797';\" onmouseenter=\"this.style.borderColor='#979797';this.style.backgroundColor='#979797';this.style.color='#262626';\" href=\"http:\/\/artcomsolutions.com\/?page_id=7197\" target=\"_self\">Plus d&#039;informations<\/a><\/div> [\/vc_column][vc_column offset=&#8221;vc_col-lg-7 vc_col-md-6&#8243;]<div class=\"centered-box gem-image-centered-box\"><div class=\"gem-image gem-wrapbox gem-wrapbox-style-default gem-wrapbox-position-centered lazy-loading\"  style=\"\"><div class=\"gem-wrapbox-inner  lazy-loading-item\"  data-ll-effect=\"move-up\"><img decoding=\"async\" class=\"gem-wrapbox-element img-responsive\" src=\"https:\/\/artcomsolutions.com\/wp-content\/uploads\/2024\/02\/Sans-titre-1-1.jpg\" alt=\"\"\/><\/div><\/div><\/div>[\/vc_column][\/vc_row][vc_row][vc_column]<div class=\"clearboth\"><\/div><style>#thegem-divider-69d54125bd377 {margin-top: 200px !important;}<\/style><div id=\"thegem-divider-69d54125bd377\" class=\"gem-divider  \" style=\"\" ><\/div>[\/vc_column][\/vc_row]<\/p>\n<\/div>","protected":false},"excerpt":{"rendered":"<p>[vc_row][vc_column offset=&#8221;vc_col-lg-7 vc_col-md-6&#8243;][\/vc_column][vc_column offset=&#8221;vc_col-lg-5 vc_col-md-6&#8243;][vc_column_text css_animation=&#8221;bottom-to-top&#8221;] Architecte d&#8217;interieur [\/vc_column_text][vc_separator color=&#8221;custom&#8221; align=&#8221;align_left&#8221; border_width=&#8221;2&#8243; el_width=&#8221;40&#8243; css_animation=&#8221;left-to-right&#8221; accent_color=&#8221;#b3ae8d&#8221;][vc_column_text css_animation=&#8221;bottom-to-top&#8221;]En tant qu\u2019architecte d\u2019int\u00e9rieur, vous&#8230;<\/p>\n","protected":false},"author":1,"featured_media":0,"parent":655,"menu_order":0,"comment_status":"closed","ping_status":"closed","template":"","meta":{"footnotes":""},"_links":{"self":[{"href":"https:\/\/artcomsolutions.com\/index.php?rest_route=\/wp\/v2\/pages\/520"}],"collection":[{"href":"https:\/\/artcomsolutions.com\/index.php?rest_route=\/wp\/v2\/pages"}],"about":[{"href":"https:\/\/artcomsolutions.com\/index.php?rest_route=\/wp\/v2\/types\/page"}],"author":[{"embeddable":true,"href":"https:\/\/artcomsolutions.com\/index.php?rest_route=\/wp\/v2\/users\/1"}],"replies":[{"embeddable":true,"href":"https:\/\/artcomsolutions.com\/index.php?rest_route=%2Fwp%2Fv2%2Fcomments&post=520"}],"version-history":[{"count":4,"href":"https:\/\/artcomsolutions.com\/index.php?rest_route=\/wp\/v2\/pages\/520\/revisions"}],"predecessor-version":[{"id":7287,"href":"https:\/\/artcomsolutions.com\/index.php?rest_route=\/wp\/v2\/pages\/520\/revisions\/7287"}],"up":[{"embeddable":true,"href":"https:\/\/artcomsolutions.com\/index.php?rest_route=\/wp\/v2\/pages\/655"}],"wp:attachment":[{"href":"https:\/\/artcomsolutions.com\/index.php?rest_route=%2Fwp%2Fv2%2Fmedia&parent=520"}],"curies":[{"name":"wp","href":"https:\/\/api.w.org\/{rel}","templated":true}]}}