{"id":7110,"date":"2024-02-20T12:52:49","date_gmt":"2024-02-20T11:52:49","guid":{"rendered":"http:\/\/artcomsolutions.com\/?page_id=7110"},"modified":"2024-02-22T15:38:47","modified_gmt":"2024-02-22T14:38:47","slug":"architecte-dinterieur","status":"publish","type":"page","link":"https:\/\/artcomsolutions.com\/?page_id=7110","title":{"rendered":"Architecte d&#8217;Int\u00e9rieur"},"content":{"rendered":"<div class=\"wpb-content-wrapper\"><p>[vc_row full_width=&#8221;stretch_row&#8221; css=&#8221;.vc_custom_1589291637288{margin-bottom: 0px !important;background-color: #2c2e3d !important;}&#8221; custom_css_code=&#8221;LmdlbS1jb3VudGVyJTIwLmdlbS1pY29uLXNpemUtbWVkaXVtJTIwJTdCJTBBJTIwJTIwJTIwJTIwZm9udC1zaXplJTNBJTIwMjRweCUzQiUwQSU3RA==&#8221;][vc_column css=&#8221;.vc_custom_1587144279645{padding-top: 0px !important;}&#8221;]<div class=\"clearboth\"><\/div><style>#thegem-divider-69d52756efadc {margin-top: 120px !important;}<\/style><div id=\"thegem-divider-69d52756efadc\" class=\"gem-divider  \" style=\"\" ><\/div>[vc_column_text]<\/p>\n<div class=\"title-h1\" style=\"text-align: center;\">\n<p>Tableaux Sur Mesure : L&#8217;Art de Personnaliser Chaque Projet<\/p>\n<\/div>\n<p>[\/vc_column_text]<div class=\"clearboth\"><\/div><style>#thegem-divider-69d52756efb0a {margin-top: 35px !important;}<\/style><div id=\"thegem-divider-69d52756efb0a\" class=\"gem-divider  \" style=\"\" ><\/div>[vc_column_text]<\/p>\n<p style=\"text-align: center;\"><span style=\"color: #99a9b5;\">En tant qu&#8217;architecte d&#8217;int\u00e9rieur, vous savez combien chaque d\u00e9tail compte pour cr\u00e9er des espaces uniques et captivants. C&#8217;est pourquoi qu&#8217;en tant qu&#8217;\u00e9diteur et fabricant sp\u00e9cialis\u00e9 dans les <strong>tableaux sur mesure,<\/strong> nous mettons \u00e0 votre disposition une gamme diversifi\u00e9e de possibilit\u00e9s pour compl\u00e9ter vos projets.<\/span><\/p>\n<p>[\/vc_column_text]<div class=\"clearboth\"><\/div><style>#thegem-divider-69d52756efb1d {margin-top: 90px !important;}<\/style><div id=\"thegem-divider-69d52756efb1d\" class=\"gem-divider  \" style=\"\" ><\/div>[\/vc_column][\/vc_row][vc_row full_width=&#8221;stretch_row&#8221; equal_height=&#8221;yes&#8221; content_placement=&#8221;top&#8221; css=&#8221;.vc_custom_1586436446523{margin-bottom: 0px !important;padding-top: 140px !important;padding-bottom: 140px !important;background-color: #2c2e3d !important;}&#8221; el_class=&#8221;our-team-block&#8221; custom_css_code=&#8221;JTQwbWVkaWElMjAlMjhtYXgtd2lkdGglM0ElMjAxMTk5cHglMjklN0IlMEElMjAlMjAlMjAlMjAucm93JTNFJTJBJTIwJTdCJTBBJTIwJTIwJTIwJTIwJTIwJTIwJTIwJTIwbWFyZ2luLXRvcCUzQSUyMDAlM0IlMEElMjAlMjAlMjAlMjAlN0QlMEElN0Q=&#8221;][vc_column css=&#8221;.vc_custom_1580827859283{margin-bottom: 0px !important;padding-top: 0px !important;padding-bottom: 0px !important;}&#8221; offset=&#8221;vc_col-lg-4 vc_col-md-12&#8243;][vc_column_text css_animation=&#8221;bottom-to-top&#8221;]<\/p>\n<h6 style=\"text-align: left;\">Une Collaboration Artistique Personnalis\u00e9e<\/h6>\n<p style=\"text-align: left;\">Notre approche repose sur une collaboration \u00e9troite avec vous, les architectes d&#8217;int\u00e9rieur, pour vous offrir la libert\u00e9 de cr\u00e9er des espaces qui racontent une histoire unique \u00e0 chaque projet. Avec nos tableaux sur mesure, vous avez la possibilit\u00e9 de choisir parmi une vaste s\u00e9lection de photos, de peintures et de styles pour trouver l&#8217;\u0153uvre parfaite qui r\u00e9pond aux besoins sp\u00e9cifiques de vos clients.<\/p>\n<h6 style=\"text-align: left;\">Taille, Support et Encadrement Adapt\u00e9s<\/h6>\n<p style=\"text-align: left;\">Nous comprenons que chaque projet est unique, c&#8217;est pourquoi nous offrons une flexibilit\u00e9 totale en ce qui concerne la taille, le support et l&#8217;encadrement de nos tableaux sur mesure. Que vous ayez besoin d&#8217;une grande pi\u00e8ce ma\u00eetresse pour un hall d&#8217;entr\u00e9e spacieux ou d&#8217;une s\u00e9rie de pi\u00e8ces plus petites pour des espaces intimiste, nous sommes l\u00e0 pour r\u00e9pondre \u00e0 vos besoins avec des options personnalis\u00e9es.<\/p>\n<h6 style=\"text-align: left;\">Qualit\u00e9 et Service<\/h6>\n<p style=\"text-align: left;\">En tant qu&#8217;\u00e9diteur et fabricant, nous nous engageons \u00e0 fournir des produits de la plus haute qualit\u00e9 et un service exceptionnel \u00e0 chaque \u00e9tape du processus. De la s\u00e9lection des \u0153uvres \u00e0 la livraison finale, nous veillons \u00e0 ce que votre exp\u00e9rience soit aussi fluide et satisfaisante que possible.<\/p>\n<p style=\"text-align: left;\">Que vous travailliez sur un projet r\u00e9sidentiel, commercial ou institutionnel, notre collection de tableaux sur mesure offre une multitude de possibilit\u00e9s pour transformer chaque espace en en fonction de l&#8217;histoire que vous voulez raconter.<\/p>\n<p style=\"text-align: left;\">Contactez-nous d\u00e8s aujourd&#8217;hui pour d\u00e9couvrir comment nos tableaux peuvent s&#8217;associer avec vos projets d&#8217;int\u00e9rieur.<\/p>\n<p>[\/vc_column_text][vc_row_inner][vc_column_inner offset=&#8221;vc_hidden-lg&#8221;]<div class=\"clearboth\"><\/div><style>#thegem-divider-69d52756efb2d {margin-top: 50px !important;}<\/style><div id=\"thegem-divider-69d52756efb2d\" class=\"gem-divider  \" style=\"\" ><\/div>[\/vc_column_inner][\/vc_row_inner][\/vc_column][vc_column width=&#8221;1\/2&#8243; css=&#8221;.vc_custom_1708440878032{margin-right: 21px !important;margin-left: 21px !important;padding-right: 0px !important;padding-left: 0px !important;background-image: url(http:\/\/artcomsolutions.com\/wp-content\/uploads\/2022\/12\/ODB-405-MERIBEL0025-721&#215;1080-1.jpg?id=7115) !important;background-position: center !important;background-repeat: no-repeat !important;background-size: cover !important;}&#8221; offset=&#8221;vc_col-lg-4 vc_col-md-6&#8243;]<div class=\"clearboth\"><\/div><style>#thegem-divider-69d52756efb3b {margin-top: 600px !important;}<\/style><div id=\"thegem-divider-69d52756efb3b\" class=\"gem-divider  \" style=\"\" ><\/div>[\/vc_column][vc_column width=&#8221;1\/2&#8243; css=&#8221;.vc_custom_1580827967991{margin-bottom: 0px !important;padding-top: 0px !important;padding-bottom: 0px !important;}&#8221; offset=&#8221;vc_col-lg-4 vc_col-md-6&#8243;]<div class=\"gem-team row inline-row gem-team-style-6\" data-hover-colors=\"{&quot;tel_color&quot;:&quot;#ffffff&quot;,&quot;background_color&quot;:&quot;#171b2d&quot;}\" > <div class=\"col-xs-12 inline-column\"> <div id=\"post-365\" class=\"team-person default-background post-365 thegem_team_person type-thegem_team_person status-publish has-post-thumbnail\" style=\"background-color: #393d50; border-color: #393d50\"><div class=\"team-person-hover\"> <div class=\"team-person-box clearfix\"> <div class=\"team-person-box-left\"><div class=\"team-person-image\"><span><img decoding=\"async\" width=\"80\" height=\"80\" src=\"https:\/\/artcomsolutions.com\/wp-content\/uploads\/2020\/02\/thierry-brousset-le-boss-d-art-com-au-milieu-d-une-partie-des-creations-de-son-atelier-le-dl-a-p-1511630645-thegem-person-80.jpg\" class=\"img-responsive wp-post-image\" alt=\"thierry-brousset-le-boss-d-art-com-au-milieu-d-une-partie-des-creations-de-son-atelier-le-dl-a-p-1511630645\" srcset=\"https:\/\/artcomsolutions.com\/wp-content\/uploads\/2020\/02\/thierry-brousset-le-boss-d-art-com-au-milieu-d-une-partie-des-creations-de-son-atelier-le-dl-a-p-1511630645.jpg 2x\" sizes=\"100vw\" \/><\/span><\/div><\/div> <div class=\"team-person-box-right\"> <div class=\"team-person-info\"> <div class=\"team-person-name styled-subtitle\" style=\"color: #ffffff\">Brousset Thierry<\/div> <div class=\"team-person-position date-color\" >Charg\u00e9 d'affaires<\/div> <div class=\"gem-styled-color-1\"><div class=\"team-person-phone title-h6\"><a href=\"tel:0033624618302\" style=\"color: #00bdd4\">0033624618302<\/a><\/div><\/div> <div class=\"team-person-email\"><a style=\"color: #00bdd4\" href=\"mailto:thierry@artcomsolutions.com\">thierry@artcomsolutions.com<\/a><\/div> <\/div> <div class=\"socials team-person-socials socials-colored-hover\"><a style=\"color: #99a9b5\" title=\"Facebook\" target=\"_blank\" href=\"#\" class=\"socials-item\"><i class=\"socials-item-icon social-item-rounded facebook\"><\/i><\/a><a style=\"color: #99a9b5\" title=\"Twitter (X)\" target=\"_blank\" href=\"#\" class=\"socials-item\"><i class=\"socials-item-icon social-item-rounded twitter\"><\/i><\/a><a style=\"color: #99a9b5\" title=\"Instagram\" target=\"_blank\" href=\"#\" class=\"socials-item\"><i class=\"socials-item-icon social-item-rounded instagram\"><\/i><\/a><\/div> <\/div> <\/div> <\/div><a class=\"team-person-link\" href=\"#\" target=\"_self\"><\/a><\/div> <\/div> <div class=\"col-xs-12 inline-column\"> <div id=\"post-7154\" class=\"team-person default-background post-7154 thegem_team_person type-thegem_team_person status-publish has-post-thumbnail\" style=\"background-color: #393d50; border-color: #393d50\"><div class=\"team-person-hover\"> <div class=\"team-person-box clearfix\"> <div class=\"team-person-box-left\"><div class=\"team-person-image\"><span><img decoding=\"async\" width=\"80\" height=\"80\" src=\"https:\/\/artcomsolutions.com\/wp-content\/uploads\/2024\/02\/Dauvergne-Yoann-thegem-person-80.jpg\" class=\"img-responsive wp-post-image\" alt=\"Dauvergne Yoann\" srcset=\"https:\/\/artcomsolutions.com\/wp-content\/uploads\/2024\/02\/Dauvergne-Yoann.jpg 2x\" sizes=\"100vw\" \/><\/span><\/div><\/div> <div class=\"team-person-box-right\"> <div class=\"team-person-info\"> <div class=\"team-person-name styled-subtitle\" style=\"color: #ffffff\">Dauvergne Yoann<\/div> <div class=\"team-person-position date-color\" >Charg\u00e9 de production<\/div> <div class=\"gem-styled-color-1\"><div class=\"team-person-phone title-h6\"><a href=\"tel:0033651179840\" style=\"color: #00bdd4\">0033651179840<\/a><\/div><\/div> <div class=\"team-person-email\"><a style=\"color: #00bdd4\" href=\"mailto:Yoann@artcomsolutions.com\">Yoann@artcomsolutions.com<\/a><\/div> <\/div> <div class=\"socials team-person-socials socials-colored-hover\"><a style=\"color: #99a9b5\" title=\"Facebook\" target=\"_blank\" href=\"#\" class=\"socials-item\"><i class=\"socials-item-icon social-item-rounded facebook\"><\/i><\/a><a style=\"color: #99a9b5\" title=\"Twitter (X)\" target=\"_blank\" href=\"#\" class=\"socials-item\"><i class=\"socials-item-icon social-item-rounded twitter\"><\/i><\/a><a style=\"color: #99a9b5\" title=\"Instagram\" target=\"_blank\" href=\"#\" class=\"socials-item\"><i class=\"socials-item-icon social-item-rounded instagram\"><\/i><\/a><\/div> <\/div> <\/div> <\/div><a class=\"team-person-link\" href=\"#\" target=\"_self\"><\/a><\/div> <\/div> <\/div><div class=\"clearboth\"><\/div><style>#thegem-divider-69d52756f0d48 {margin-top: -42px !important;}<\/style><div id=\"thegem-divider-69d52756f0d48\" class=\"gem-divider  \" style=\"\" ><\/div>[\/vc_column][\/vc_row][vc_row full_width=&#8221;stretch_row&#8221; css=&#8221;.vc_custom_1589291637288{margin-bottom: 0px !important;background-color: #2c2e3d !important;}&#8221; custom_css_code=&#8221;LmdlbS1jb3VudGVyJTIwLmdlbS1pY29uLXNpemUtbWVkaXVtJTIwJTdCJTBBJTIwJTIwJTIwJTIwZm9udC1zaXplJTNBJTIwMjRweCUzQiUwQSU3RA==&#8221;][vc_column css=&#8221;.vc_custom_1587144279645{padding-top: 0px !important;}&#8221;]<div class=\"clearboth\"><\/div><style>#thegem-divider-69d52756f0d5d {margin-top: 120px !important;}<\/style><div id=\"thegem-divider-69d52756f0d5d\" class=\"gem-divider  \" style=\"\" ><\/div>[vc_column_text]<\/p>\n<div class=\"title-h1\" style=\"text-align: center;\">\n<h6>ils nous ont fait confiance<\/h6>\n<\/div>\n<p>[\/vc_column_text]<div class=\"clearboth\"><\/div><style>#thegem-divider-69d52756f0d6c {margin-top: 35px !important;}<\/style><div id=\"thegem-divider-69d52756f0d6c\" class=\"gem-divider  \" style=\"\" ><\/div>[vc_images_carousel images=&#8221;7120,7121,7122,7123&#8243; img_size=&#8221;large&#8221; autoplay=&#8221;yes&#8221;][\/vc_column][\/vc_row]<\/p>\n<\/div>","protected":false},"excerpt":{"rendered":"<p>[vc_row full_width=&#8221;stretch_row&#8221; css=&#8221;.vc_custom_1589291637288{margin-bottom: 0px !important;background-color: #2c2e3d !important;}&#8221; custom_css_code=&#8221;LmdlbS1jb3VudGVyJTIwLmdlbS1pY29uLXNpemUtbWVkaXVtJTIwJTdCJTBBJTIwJTIwJTIwJTIwZm9udC1zaXplJTNBJTIwMjRweCUzQiUwQSU3RA==&#8221;][vc_column css=&#8221;.vc_custom_1587144279645{padding-top: 0px !important;}&#8221;][vc_column_text] Tableaux Sur Mesure : L&#8217;Art de Personnaliser Chaque Projet&#8230;<\/p>\n","protected":false},"author":1,"featured_media":7138,"parent":0,"menu_order":0,"comment_status":"closed","ping_status":"closed","template":"","meta":{"footnotes":""},"_links":{"self":[{"href":"https:\/\/artcomsolutions.com\/index.php?rest_route=\/wp\/v2\/pages\/7110"}],"collection":[{"href":"https:\/\/artcomsolutions.com\/index.php?rest_route=\/wp\/v2\/pages"}],"about":[{"href":"https:\/\/artcomsolutions.com\/index.php?rest_route=\/wp\/v2\/types\/page"}],"author":[{"embeddable":true,"href":"https:\/\/artcomsolutions.com\/index.php?rest_route=\/wp\/v2\/users\/1"}],"replies":[{"embeddable":true,"href":"https:\/\/artcomsolutions.com\/index.php?rest_route=%2Fwp%2Fv2%2Fcomments&post=7110"}],"version-history":[{"count":20,"href":"https:\/\/artcomsolutions.com\/index.php?rest_route=\/wp\/v2\/pages\/7110\/revisions"}],"predecessor-version":[{"id":7112,"href":"https:\/\/artcomsolutions.com\/index.php?rest_route=\/wp\/v2\/pages\/7110\/revisions\/7112"}],"wp:featuredmedia":[{"embeddable":true,"href":"https:\/\/artcomsolutions.com\/index.php?rest_route=\/wp\/v2\/media\/7138"}],"wp:attachment":[{"href":"https:\/\/artcomsolutions.com\/index.php?rest_route=%2Fwp%2Fv2%2Fmedia&parent=7110"}],"curies":[{"name":"wp","href":"https:\/\/api.w.org\/{rel}","templated":true}]}}